= 34*u - 5 - 76*u + 37*u - 1 + u**2. Give g(3).
-12
Let j(l) = -l - 17. Let i be 234/36*(-10)/5. Determine j(i).
-4
Let u be 5/(-20) + 0 + 10/8. Let t(x) = -x**3 + 2*x**2 - 1. Let i be t(-1). Let c(k) = -k - 4*k**i + k**2 + k**2 + 0*k**2 + 1. What is c(u)?
-2
Let b(x) = -x - 4. Let y = 26 - -4. Suppose 0 = g - p, -5*g - 5*p - y = -0*p. Let f(s) = -s**3 - 3*s**2 + s - 1. Let q be f(g). What is b(q)?
0
Suppose -x + 3*w + 6 = 0, -2*x + 0*w + 10 = -4*w. Let o(f) = -3*f**3 + 130 + 6*f**2 - 132 + 4*f**x. What is o(-6)?
-2
Let v = -237 + 232. Let g(i) be the third derivative of -i**4/12 - 2*i**3/3 + i**2. Determine g(v).
6
Let d(s) = -s**3 - 7*s**2 + 17*s + 3. Let f(u) = u**2 + u - 1. Let x(a) = d(a) - 3*f(a). Give x(-11).
-27
Let q(d) = 2*d + 4. Suppose 6*k + 12 = u + k, 0 = 3*u - 3*k. Let x(w) = w**3 + 3*w**2 - 4. Let g be x(u). Calculate q(g).
-4
Suppose 8*f = 88 - 16. Let x(u) = -7*u + 53. What is x(f)?
-10
Let d(n) = n**3 - 9*n**2 + 10*n - 8. Suppose 4*o = -2*y - 6, 12 - 4 = 4*y + 4*o. Determine d(y).
-36
Let f = 1 + 0. Let x be (-1 - -2)/f*-3. Let d(v) = 4*v + 2*v**3 - 7*v + 2*v**2 - v**3 + 4. What is d(x)?
4
Let w(o) = 6*o + 905 - 1791 + 897. Determine w(-6).
-25
Let a(q) = -q**3 - 5*q**2 - 7*q + 1. Let h = -412 - -408. Give a(h).
13
Let w(g) = -2*g - 6. Suppose 0 = -5*f - 4*y - 26 - 6, 2*y = 3*f + 6. Let m = -2 - -7. Let o(d) = -d - 6. Let l(k) = f*w(k) + m*o(k). What is l(4)?
6
Let j(m) = m**3 + 15*m**2 - 15*m + 24. Let g be j(-16). Let z = 13 - g. Let q(v) = -v**2 + 4*v - 2. Calculate q(z).
-7
Let g(x) = -3*x**3 + x**2 + 516*x - 1034*x + 6*x**3 + 515*x. Calculate g(-2).
-14
Let h(q) be the third derivative of -23*q**6/120 + 956*q**2. Let f = -2 + 1. Calculate h(f).
23
Suppose 30 = 19*g - 21*g. Let m = g + 15. Let v(c) = c**2 - c + 4. Give v(m).
4
Let f(c) = -c**2 - 16*c + 12. Let b be f(-16). Suppose w + 4*d = -0*d, -39 = -4*w - 3*d. Let r = w - b. Let a(l) = l - 2. Determine a(r).
-2
Let q(k) be the first derivative of k**4/4 - k**3 + 2*k**2 - 4*k + 96. Calculate q(3).
8
Let r(o) be the first derivative of -o**5/30 - 3*o**4/8 + 11*o**3 - 15. Let q(l) be the third derivative of r(l). Give q(-6).
15
Let x be (-2 - -3)/(45/90). Let y(f) be the first derivative of 3*f**2/2 - 1. Give y(x).
6
Let n(v) = 6*v**2 - 12*v - 30. Let s(f) = -f**2 - f + 3. Let h(m) = -n(m) - 5*s(m). What is h(18)?
-3
Let o(d) be the third derivative of 1/8*d**4 + 1/120*d**6 + 1/3*d**3 + 0 - 3*d**2 + 1/15*d**5 - d. Calculate o(-3).
2
Let h be (-2)/4 + 1/(-2). Let n = 2 - h. Let d(c) = -2 + n*c - 2*c - 4*c + 2*c. Determine d(-6).
4
Let v(c) be the first derivative of 7/2*c**2 + 1/3*c**3 + 0*c + 10. Determine v(-6).
-6
Let k(m) = -m**3 - 2*m**2 + m. Suppose -5*o + 4*b = b - 30, -10 = 5*o + 5*b. Suppose 5*u + o*t + 3 = 8, 0 = 4*t. What is k(u)?
-2
Let p(q) be the third derivative of -2*q**2 + 0*q + 0 + 1/120*q**5 + 5/24*q**4 + 1/3*q**3. Let b(c) be the first derivative of p(c). Determine b(4).
9
Let d(a) be the first derivative of a**4/4 + 2*a**3 + 5*a**2/2 + 2*a - 241. Give d(-4).
14
Let p = 42 + -34. Let h(n) = -17*n + p*n + 2 + 2*n**2 + 5*n. Calculate h(2).
2
Suppose 6 = -41*l + 40*l. Let t(x) = -x**3 - 8*x**2 - 10*x - 8. What is t(l)?
-20
Let n(t) = 11*t**2 + 15*t - 3. Let w(u) = -14*u**2 - 17*u + 3. Let x(b) = -5*n(b) - 4*w(b). Calculate x(5).
-7
Let d be -5 + (10 - ((-1 - -5) + -2)). Let l be (1 + 0/2)/1. Let f(h) = 7 - h**d + h + 0*h**3 - 7 - l + h**2. Give f(2).
-3
Suppose 5*d + 0 = 2*n - 10, 3*d + 6 = -n. Let t(i) = n*i**2 + i**2 + 33 - 36. Determine t(0).
-3
Let v(z) be the first derivative of -z**3/3 + 2*z**2 + 5*z - 4008. Suppose -2*n + 11 = 1. Give v(n).
0
Let u be 6 + (-65)/((-30)/(-6)). Let m(b) = 3*b + 6. Give m(u).
-15
Let m(f) = -10*f + 5. Let p(v) = -12*v + 7. Let z(k) = 7*m(k) - 6*p(k). Suppose 2*a + 0*a = 28. Suppose 0*s - 2*s + a = 0. Calculate z(s).
7
Let u(m) = -15*m**3 - 1. Suppose -74 = 5*q - 79. Give u(q).
-16
Let o(q) = 11*q**2 + 7*q + 4. Let h(n) = 24*n**2 + 14*n + 8. Suppose l = 3, v + 5*l = -3*v + 39. Let b(c) = v*h(c) - 13*o(c). Calculate b(8).
4
Let k = 3083 + -3081. Let s(x) = -x**3 - 2*x**2 + 3*x + 1. Let u be s(-3). Let b(w) = -4 + 2 + w + u. Calculate b(k).
1
Let o(d) = -d**3 + 6*d**2 - 5*d - 3. Suppose 36 = -11*s + 91. What is o(s)?
-3
Suppose -2*i + 10 + 2 = 3*x, -i = 4*x - 16. Let j(d) be the third derivative of -d**4/12 + 5*d**3/6 - 56*d**2. Calculate j(x).
-3
Let r(w) be the third derivative of -5*w**4/24 - w**3/6 + 10*w**2. What is r(-1)?
4
Let b(n) be the second derivative of -n**5/20 - 4*n**4/3 - n**3/6 - 11*n**2/2 + 11*n. Let i be b(-16). Let c(f) = 2 + 4 - 4 - f. Determine c(i).
-3
Suppose 0 = 22*g - 17*g + 40. Let y = g - -10. Let q(n) be the first derivative of n**4/2 - 2*n**3/3 - n**2/2 + 1. Give q(y).
6
Let k(l) = -1 + 3*l**2 + 3*l + 12*l - 14*l - l**3. Let b(h) = h**3 - 7*h**2 - 8*h + 4. Let j = 2 + 6. Let c be b(j). What is k(c)?
-13
Let g(s) = -s**2 + 2*s + 19. Let b(w) = -7*w - 204. Let i be b(-30). Give g(i).
-5
Let i = 78 - 78. Suppose -5*u - s + 15 = i, -u + 7 = 2*s - 5. Let t(g) = g**2 - 3*g + 1. Determine t(u).
-1
Let g(j) = -j**3 - 7*j**2 - 5*j + 7. Suppose 8 = -5*l - 47. Let v be (l + 4)*(1 - (-2)/(-14)). Calculate g(v).
1
Let m be (-14)/(-8) + 5/20. Let x be 9/m*(-4 - -6). Let u(o) = -o**2 - 5*o. Let y(d) = -d**2 - 11*d. Let i(t) = x*u(t) - 4*y(t). Determine i(-1).
-4
Let k(z) = 4*z**3 + z + 25. Let p(b) = b**3 + 8. Let s(l) = k(l) - 2*p(l). What is s(0)?
9
Let d(y) = -y**3 + 7*y**2 - 4*y - 7. Let l = 102 - 96. Determine d(l).
5
Let s be (2/(-3))/((-12)/(-18)). Suppose 2*m + 5*m = 35. Let w(q) = 8*q + 5*q + 3*q - m*q. Determine w(s).
-11
Let c = 66 + -63. Let k(f) = f**c - f - 25*f**2 + 54*f**2 - 26*f**2 + 5. Suppose -16 = -0*q + 4*q. Calculate k(q).
-7
Let a(b) = -11*b**2 - 4*b + 3. Suppose 5*j - 215 = -210. Calculate a(j).
-12
Let s(p) = -31 + 10 + 5 + 5*p + 8 - 34. Calculate s(8).
-2
Let x(n) = 6*n + 9. Let g(q) = 2*q. Let c be g(3). Let p(l) = l + 5. Let k(v) = 2*v - 7. Let h(u) = -k(u) - 3*p(u). Let j(o) = c*x(o) + 7*h(o). Give j(-5).
-7
Let z(d) = -4*d - 12 + 3*d + d - 2*d + d. Calculate z(-6).
-6
Let s(r) = -r**2 + 4*r + 13. Let f be s(6). Let m(l) = 11*l + 66. Let d(z) = -1. Let w(n) = 66*d(n) + m(n). Determine w(f).
11
Let r = 13 - 9. Let u(i) = -7 + 10*i - 7 + 10 + 2*i**2. Let s(l) = -5*l**2 - 21*l + 9. Let v(m) = 4*s(m) + 9*u(m). Calculate v(r).
-8
Let v(c) = 2*c**3 + 13*c**2 - 4*c. Let k(g) = -3*g**3 - 15*g**2 + 2*g + 2. Let w(t) = 3*k(t) + 4*v(t). Calculate w(7).
-64
Suppose 128 = 4*u + g, 8*g + 128 = 4*u + 3*g. Let b(t) = 31 - 2*t + 6*t - u - 3*t. Give b(1).
0
Suppose 12 = 5*k + 2. Let m(z) = 3*z - 1 - 7*z + k*z. Determine m(-3).
5
Suppose -3*n = -4*n - 3, -4*n = -3*g + 21. Suppose -2 = -m + 2, g*d = -4*m + 31. Let a(x) = -x. Give a(d).
-5
Let i(c) = 8*c**2 - 505*c - 513*c + 1016*c - 1. Let t(x) = x**3 + 2*x**2 + 2*x + 2. Let f be t(-2). Let d be 2/(((-4)/f)/(-1)). What is i(d)?
9
Suppose 0 = 3*h - 6 + 18. Let r be (-145)/(-11) + h/22. Suppose 4*n + 7*i - 2*i = -r, -4*i - 29 = -3*n. Let m(x) = -2*x**2 + 3*x + 3. Calculate m(n).
-6
Let p(w) = 2*w + 12. Let d be p(-4). Let h(t) = -t**2 + 4*t + 6. Let b be h(d). Let r(f) = f + 2*f - 2 + f**3 + 2*f + 0*f + b*f**2. Calculate r(-5).
-2
Let b = -13 - -36. Let v(h) = -13*h**2 + 6*h**3 - 8*h**2 + h + b*h**2. Determine v(-1).
-5
Let v(t) = t**3 - t + 2. Let u = 4 - 6. Let m be ((-21)/7)/(3/u). Calculate v(m).
8
Let o(v) = 2*v**2 + 9*v - 7. Let l(i) = i**2 + 2*i - 1. Let m(w) = 3*l(w) - o(w). Give m(2).
2
Let q(x) be the second derivative of -x**4/12 - x**3 + 5*x**2 + x. Suppose -5*g + 55 = -5*k, -k - 5*g = -0*k - 13. Calculate q(k).
3
Let b(d) = d**2 - 24*d + 142. Let w be b(12). Let g(y) = -7*y - 7. What is g(w)?
7
Suppose 4*u + 4 = 24. Suppose 0 = z - u*z. Let r(d) = d + 9. Give r(z).
9
Let i(w) = 1. Let k(r) = -r**2 + 6*r - 8. Let n(g) = g**2 - 7*g + 9. Let q(j) = -7*k(j) - 6*n(j). Let t = -1 - -5. Let b(d) = t*i(d) - q(d). Calculate b(3).
-7
Let v(i) be the third derivative of i**5/60 + i**4/6 - i**3/2 + 395*i**2. What is v(-4)?
-3
Let n(w) = w**3 - 4*w**2 + 2*w - 11. Suppose 4*v = -2*p - 4, 5*v + 7 = -3*p + p. Let x be n(p). Let d(g) = -2*g**2 + 3. Determine d(x).
-15
Let t(x) = x**3 + x - 1. Let l = -9 + 13. Let d(v) = -l - 5 + 4*v + 9 + v**2. Let